3 a prime number?
False
Is 5797339 a prime number?
True
Is 2703251 composite?
False
Is 4723553 composite?
True
Is 8313481 a prime number?
False
Is 851864395 a composite number?
True
Is 1436563 prime?
True
Is 444816115 composite?
True
Is 512318777 composite?
False
Is 20574761 a prime number?
True
Is 9892907 a prime number?
False
Is 4426655 composite?
True
Is 427772711 composite?
False
Is 50868541 prime?
True
Is 2588546 a prime number?
False
Is 11079659 a prime number?
True
Is 25968767 a prime number?
False
Is 36371039 prime?
True
Is 23163785 prime?
False
Is 342927811 prime?
True
Is 36463331 prime?
False
Is 7992953 prime?
False
Is 8674819 a prime number?
True
Is 6575497 a prime number?
True
Is 537519 a prime number?
False
Is 2451277 a composite number?
False
Is 1798241 a composite number?
False
Is 1346393 a composite number?
True
Is 73679087 a composite number?
False
Is 179354663 a composite number?
True
Is 22702937 composite?
True
Is 147282923 a prime number?
False
Is 8456969 prime?
True
Is 57256403 a composite number?
False
Is 1938511 prime?
False
Is 17160853 a composite number?
False
Is 2390567 a prime number?
False
Is 1532287 prime?
True
Is 37976599 a composite number?
True
Is 126634199 prime?
False
Is 13982807 a composite number?
False
Is 5027273 a composite number?
True
Is 172482647 prime?
True
Is 27371293 composite?
True
Is 767894077 composite?
True
Is 56689813 a prime number?
False
Is 2791511 composite?
True
Is 1470109 prime?
False
Is 1576649 prime?
True
Is 4380581 a prime number?
False
Is 146348421 a prime number?
False
Is 18334141 prime?
False
Is 4619399 composite?
False
Is 4659929 a composite number?
False
Is 24636679 a prime number?
False
Is 4570967 composite?
True
Is 220560503 a composite number?
False
Is 31320889 composite?
False
Is 7631581 a prime number?
True
Is 10595437 a composite number?
True
Is 12411719 composite?
False
Is 14896159 a prime number?
True
Is 1138171 composite?
False
Is 2620073 composite?
False
Is 946367 composite?
False
Is 14247659 composite?
True
Is 519309103 composite?
False
Is 65691841 composite?
True
Is 96323879 a composite number?
True
Is 3186611 a prime number?
True
Is 3834489 a composite number?
True
Is 3705593 composite?
False
Is 151067173 a composite number?
False
Is 8586083 a prime number?
False
Is 30582197 a prime number?
True
Is 179446231 composite?
True
Is 64150493 a prime number?
False
Is 2867099 a composite number?
False
Is 1885927 a composite number?
True
Is 18796433 a prime number?
True
Is 56045499 a composite number?
True
Is 659438173 prime?
False
Is 7238866 a composite number?
True
Is 9510911 prime?
True
Is 5509219 a composite number?
False
Is 24795419 prime?
False
Is 6913613 prime?
False
Is 57862109 prime?
True
Is 1996763 a prime number?
True
Is 102715057 a composite number?
True
Is 129144515 prime?
False
Is 22947833 prime?
True
Is 2489603 composite?
False
Is 179789663 a composite number?
False
Is 3308281 a composite number?
True
Is 148788281 a composite number?
False
Is 8221061 prime?
True
Is 112415839 prime?
False
Is 79158811 a composite number?
True
Is 30494323 composite?
False
Is 180285619 a composite number?
True
Is 69999991 a prime number?
False
Is 2365921 prime?
True
Is 107798839 composite?
True
Is 14129477 a composite number?
False
Is 160847 a composite number?
True
Is 5385367 a composite number?
True
Is 405927209 prime?
True
Is 336110443 prime?
True
Is 1251434147 composite?
False
Is 100705337 a composite number?
True
Is 54743677 composite?
True
Is 11067193 composite?
False
Is 96952623 composite?
True
Is 6923971 prime?
True
Is 1262039 composite?
True
Is 1663579 prime?
True
Is 25270085 a prime number?
False
Is 96889178 composite?
True
Is 4572001 a prime number?
False
Is 130266833 a composite number?
False
Is 887881 a prime number?
False
Is 20231093 prime?
True
Is 1390229 a prime number?
False
Is 181925881 a prime number?
True
Is 53743291 a composite number?
True
Is 6952477 composite?
True
Is 2465251 a prime number?
True
Is 131773513 prime?
True
Is 65903011 a prime number?
True
Is 1046443 a composite number?
True
Is 228011507 a composite number?
False
Is 19008421 a composite number?
True
Is 9183971 a composite number?
True
Is 10387361 composite?
True
Is 130306417 a prime number?
True
Is 18849199 a prime number?
False
Is 490643 composite?
False
Is 207676633 composite?
True
Is 3279173 prime?
True
Is 424022813 composite?
False
Is 694728527 composite?
False
Is 24183949 composite?
True
Is 128765171 a prime number?
True
Is 1083243991 prime?
True
Is 16199749 composite?
False
Is 226692145 composite?
True
Is 274919 a prime number?
False
Is 1128143 a prime number?
True
Is 38448263 composite?
True
Is 2203211 a composite number?
False
Is 1988111 a prime number?
False
Is 82570337 composite?
True
Is 10072817 prime?
True
Is 245995891 a composite number?
False
Is 12287827 prime?
True
Is 7903889 prime?
False
Is 76349509 a prime number?
True
Is 948247 prime?
True
Is 58962431 prime?
False
Is 99686663 a prime number?
True
Is 557364809 a composite number?
False
Is 53674949 composite?
False
Is 112115047 a composite number?
True
Is 1183654 prime?
False
Is 36434611 a composite number?
False
Is 2365381 prime?
True
Is 5403149 a prime number?
True
Is 9955397 prime?
True
Is 32482231 prime?
False
Is 7067813 a prime number?
False
Is 13821231 composite?
True
Is 3630053 a composite number?
True
Is 35766167 a composite number?
False
Is 642751 prime?
False
Is 50484457 prime?
True
Is 6945467 a composite number?
True
Is 102154963 prime?
False
Is 260043127 a prime number?
True
Is 207836179 a composite number?
False
Is 1943179 prime?
False
Is 33203301 composite?
True
Is 18723217 a composite number?
True
Is 281911849 a composite number?
True
Is 1454543 a composite number?
True
Is 3040589 composite?
True
Is 97634447 composite?
False
Is 42992083 prime?
False
Is 2119247 a composite number?
True
Is 6661085 prime?
False
Is 16387181 a prime number?
True
Is 58382378 composite?
True
Is 4815443 composite?
False
Is 5866417 a prime number?
True
Is 1637887 a prime number?
True
Is 163330331 composite?
False
Is 160901893 prime?
True
Is 124083803 composite?
False
Is 10074173 composite?
False
Is 588023 a composite number?
True
Is 191679409 a prime number?
True
Is 151751 composite?
True
Is 54611 composite?
True
Is 49897613 a prime number?
True
Is 18158617 prime?
True
Is 592061 a prime number?
True
Is 12003617 prime?
False
Is 683765731 prime?
False
Is 401747287 a composite number?
False
Is 1881829 a prime number?
False
Is 298015063 composite?
False
Is 94876919 composite?
False
Is 7254634 composite?
True
Is 60363509 a composite number?
False
Is 246881821 composite?
False
Is 2845333 a prime number?
False
Is 1197071 a composite number?
True
Is 3089881 prime?
True
Is 1493380159 a composite number?
False
Is 323680657 composite?
False
Is 149192803 a prime number?
True
Is 3442727 prime?
True
Is 4102531 a composite number?
True
Is 169080007 a composite number?
True
Is 250701791 prime?
True
Is 83002739 a composite number?
True
Is 5437291 a composite number?
False
Is 184626893 composite?
True
Is 55201639 prime?
False
Is 3785623 a prime number?
True
Is 224401 a prime number?
True
Is 575879 prime?
False
Is 16591117 a prime number?
True
Is 22536571 composite?
False
Is 33220729 composite?
True
Is 51975649 composite?
True
Is 473563663 composite?
False
Is 740308817 a prime number?
True
Is 8607139 composite?
False
Is 41179997 a prime number?
False
Is 87147941 a prime number?
False
Is 2772967 a prime number?
True
Is 925637 a prime number?
True
Is 1262557 prime?
True
Is 8158907 a composite number?
True
Is 7842157 a composite number?
True
Is 393401 prime?
True
Is 23585413 a prime number?
True
Is 181450939 prime?
True
Is 144564539 prime?
False
Is 2487479 a composite number?
True
Is 11674561 a composite number?
False
Is 28543327 a composite number?
False
Is 8835077 a prime number?
True
Is 4320647 composite?
True
Is 12417409 prime?
False
Is 534925313 a prime number?
False
Is 37106953 a composite number?
True
Is 10481191 composite?
True
Is 3663773 a prime number?
False
Is 19298897 a prime number?
True
Is 770123689 prime?
True
Is 5645183 composite?
True
Is 3646777 prime?
False
Is 30195841 composite?
True
Is 544612478 composite?
True
Is 2701091 a composite number